[INFO] fetching crate eyros 3.0.0...
[INFO] checking eyros-3.0.0 against master#cfbc6d4cf1acbac5c025acf8ed68929caa551df3 for pr-75494-beta
[INFO] extracting crate eyros 3.0.0 into /workspace/builds/worker-5/source
[INFO] validating manifest of crates.io crate eyros 3.0.0 on toolchain cfbc6d4cf1acbac5c025acf8ed68929caa551df3
[INFO] running `Command { std: "/workspace/cargo-home/bin/cargo" "+cfbc6d4cf1acbac5c025acf8ed68929caa551df3" "read-manifest" "--manifest-path" "Cargo.toml", kill_on_drop: false }`
[INFO] started tweaking crates.io crate eyros 3.0.0
[INFO] finished tweaking crates.io crate eyros 3.0.0
[INFO] tweaked toml for crates.io crate eyros 3.0.0 written to /workspace/builds/worker-5/source/Cargo.toml
[INFO] crate crates.io crate eyros 3.0.0 already has a lockfile, it will not be regenerated
[INFO] running `Command { std: "/workspace/cargo-home/bin/cargo" "+cfbc6d4cf1acbac5c025acf8ed68929caa551df3" "fetch" "--locked" "--manifest-path" "Cargo.toml", kill_on_drop: false }`
[INFO] [stderr]     Blocking waiting for file lock on package cache
[INFO] [stderr]  Downloading crates ...
[INFO] [stderr]   Downloaded mkdirp v1.0.0
[INFO] [stderr]   Downloaded random v0.12.2
[INFO] [stderr]   Downloaded desert v1.0.3
[INFO] [stderr]   Downloaded random-access-storage v4.0.0
[INFO] [stderr]   Downloaded random-access-disk v2.0.0
[INFO] [stderr]   Downloaded lru v0.4.4
[INFO] running `Command { std: "docker" "create" "-v" "/var/lib/crater-agent-workspace/builds/worker-5/target:/opt/rustwide/target:rw,Z" "-v" "/var/lib/crater-agent-workspace/builds/worker-5/source:/opt/rustwide/workdir:ro,Z" "-v" "/var/lib/crater-agent-workspace/cargo-home:/opt/rustwide/cargo-home:ro,Z" "-v" "/var/lib/crater-agent-workspace/rustup-home:/opt/rustwide/rustup-home:ro,Z" "-e" "SOURCE_DIR=/opt/rustwide/workdir" "-e" "CARGO_TARGET_DIR=/opt/rustwide/target" "-e" "CARGO_HOME=/opt/rustwide/cargo-home" "-e" "RUSTUP_HOME=/opt/rustwide/rustup-home" "-w" "/opt/rustwide/workdir" "-m" "1610612736" "--user" "0:0" "--network" "none" "rustops/crates-build-env@sha256:a636fd89d022f18117e1dc8fb37a0a009933cdbbe082814857f0e2024962d47c" "/opt/rustwide/cargo-home/bin/cargo" "+cfbc6d4cf1acbac5c025acf8ed68929caa551df3" "metadata" "--no-deps" "--format-version=1", kill_on_drop: false }`
[INFO] [stdout] 877960662fe8a5112f6c2834a28a8850eac20e54f02c29d245775d72e23f8ec3
[INFO] [stderr] WARNING: Your kernel does not support swap limit capabilities or the cgroup is not mounted. Memory limited without swap.
[INFO] running `Command { std: "docker" "start" "-a" "877960662fe8a5112f6c2834a28a8850eac20e54f02c29d245775d72e23f8ec3", kill_on_drop: false }`
[INFO] running `Command { std: "docker" "inspect" "877960662fe8a5112f6c2834a28a8850eac20e54f02c29d245775d72e23f8ec3", kill_on_drop: false }`
[INFO] running `Command { std: "docker" "rm" "-f" "877960662fe8a5112f6c2834a28a8850eac20e54f02c29d245775d72e23f8ec3", kill_on_drop: false }`
[INFO] [stdout] 877960662fe8a5112f6c2834a28a8850eac20e54f02c29d245775d72e23f8ec3
[INFO] running `Command { std: "docker" "create" "-v" "/var/lib/crater-agent-workspace/builds/worker-5/target:/opt/rustwide/target:rw,Z" "-v" "/var/lib/crater-agent-workspace/builds/worker-5/source:/opt/rustwide/workdir:ro,Z" "-v" "/var/lib/crater-agent-workspace/cargo-home:/opt/rustwide/cargo-home:ro,Z" "-v" "/var/lib/crater-agent-workspace/rustup-home:/opt/rustwide/rustup-home:ro,Z" "-e" "SOURCE_DIR=/opt/rustwide/workdir" "-e" "CARGO_TARGET_DIR=/opt/rustwide/target" "-e" "CARGO_INCREMENTAL=0" "-e" "RUST_BACKTRACE=full" "-e" "RUSTFLAGS=--cap-lints=forbid" "-e" "CARGO_HOME=/opt/rustwide/cargo-home" "-e" "RUSTUP_HOME=/opt/rustwide/rustup-home" "-w" "/opt/rustwide/workdir" "-m" "1610612736" "--user" "0:0" "--network" "none" "rustops/crates-build-env@sha256:a636fd89d022f18117e1dc8fb37a0a009933cdbbe082814857f0e2024962d47c" "/opt/rustwide/cargo-home/bin/cargo" "+cfbc6d4cf1acbac5c025acf8ed68929caa551df3" "check" "--frozen" "--all" "--all-targets" "--message-format=json", kill_on_drop: false }`
[INFO] [stdout] 8bc0f61cba7d59ff9fea5f93557b22b5abe46d38105dd728fcca1d87047ccfc6
[INFO] [stderr] WARNING: Your kernel does not support swap limit capabilities or the cgroup is not mounted. Memory limited without swap.
[INFO] running `Command { std: "docker" "start" "-a" "8bc0f61cba7d59ff9fea5f93557b22b5abe46d38105dd728fcca1d87047ccfc6", kill_on_drop: false }`
[INFO] [stderr]    Compiling syn v1.0.34
[INFO] [stderr]    Compiling libc v0.2.71
[INFO] [stderr]    Compiling log v0.4.8
[INFO] [stderr]    Compiling proc-macro-hack v0.5.15
[INFO] [stderr]    Compiling wasm-bindgen-shared v0.2.67
[INFO] [stderr]    Compiling bumpalo v3.3.0
[INFO] [stderr]    Compiling pin-project-internal v0.4.22
[INFO] [stderr]    Compiling wasm-bindgen v0.2.67
[INFO] [stderr]     Checking futures-io v0.3.5
[INFO] [stderr]    Compiling cc v1.0.50
[INFO] [stderr]    Compiling failure_derive v0.1.6
[INFO] [stderr]     Checking cache-padded v1.1.1
[INFO] [stderr]     Checking waker-fn v1.0.0
[INFO] [stderr]     Checking parking v1.0.4
[INFO] [stderr]     Checking send_wrapper v0.4.0
[INFO] [stderr]     Checking async-task v3.0.0
[INFO] [stderr]    Compiling anyhow v1.0.31
[INFO] [stderr]     Checking fastrand v1.3.3
[INFO] [stderr]     Checking ppv-lite86 v0.2.6
[INFO] [stderr]     Checking mkdirp v1.0.0
[INFO] [stderr]     Checking remove_dir_all v0.5.2
[INFO] [stderr]     Checking random v0.12.2
[INFO] [stderr]    Compiling hashbrown v0.6.3
[INFO] [stderr]     Checking futures-task v0.3.5
[INFO] [stderr]     Checking futures-channel v0.3.5
[INFO] [stderr]     Checking concurrent-queue v1.1.1
[INFO] [stderr]    Compiling proc-macro2 v1.0.18
[INFO] [stderr]     Checking crossbeam-utils v0.7.2
[INFO] [stderr]     Checking c2-chacha v0.2.3
[INFO] [stderr]    Compiling quote v1.0.2
[INFO] [stderr]     Checking kv-log-macro v1.0.4
[INFO] [stderr]    Compiling backtrace-sys v0.1.32
[INFO] [stderr]    Compiling getrandom v0.1.14
[INFO] [stderr]    Compiling const-random-macro v0.1.8
[INFO] [stderr]     Checking socket2 v0.3.12
[INFO] [stderr]     Checking num_cpus v1.13.0
[INFO] [stderr]     Checking rand_os v0.1.3
[INFO] [stderr]     Checking rand v0.6.5
[INFO] [stderr]     Checking rand_core v0.5.1
[INFO] [stderr]     Checking const-random v0.1.8
[INFO] [stderr]     Checking ahash v0.2.18
[INFO] [stderr]     Checking rand_chacha v0.2.1
[INFO] [stderr]     Checking rand v0.7.3
[INFO] [stderr]     Checking backtrace v0.3.44
[INFO] [stderr]     Checking lru v0.4.4
[INFO] [stderr]     Checking tempfile v3.1.0
[INFO] [stderr]    Compiling wasm-bindgen-backend v0.2.67
[INFO] [stderr]    Compiling synstructure v0.12.3
[INFO] [stderr]    Compiling wasm-bindgen-macro-support v0.2.67
[INFO] [stderr]    Compiling futures-macro v0.3.5
[INFO] [stderr]    Compiling async-attributes v1.1.1
[INFO] [stderr]    Compiling async-trait v0.1.30
[INFO] [stderr]    Compiling wasm-bindgen-macro v0.2.67
[INFO] [stderr]     Checking failure v0.1.6
[INFO] [stderr]     Checking desert v1.0.3
[INFO] [stderr]     Checking random-access-storage v4.0.0
[INFO] [stderr]     Checking js-sys v0.3.41
[INFO] [stderr]     Checking pin-project v0.4.22
[INFO] [stderr]     Checking futures-util v0.3.5
[INFO] [stderr]     Checking web-sys v0.3.39
[INFO] [stderr]     Checking blocking v0.4.6
[INFO] [stderr]     Checking futures-executor v0.3.5
[INFO] [stderr]     Checking futures v0.3.5
[INFO] [stderr]     Checking smol v0.1.18
[INFO] [stderr]     Checking gloo-timers v0.2.1
[INFO] [stderr]     Checking futures-timer v3.0.2
[INFO] [stderr]     Checking async-std v1.6.2
[INFO] [stderr]     Checking random-access-disk v2.0.0
[INFO] [stderr]     Checking eyros v3.0.0 (/opt/rustwide/workdir)
[INFO] [stdout] error[E0554]: `#![feature]` may not be used on the beta release channel
[INFO] [stdout]    --> src/lib.rs:162:1
[INFO] [stdout]     |
[INFO] [stdout] 162 | #![feature(nll)]
[INFO] [stdout]     | ^^^^^^^^^^^^^^^^
[INFO] [stdout] 
[INFO] [stdout] 
[INFO] [stdout] error[E0554]: `#![feature]` may not be used on the beta release channel
[INFO] [stdout]    --> src/lib.rs:163:1
[INFO] [stdout]     |
[INFO] [stdout] 163 | #![feature(async_closure)]
[INFO] [stdout]     | ^^^^^^^^^^^^^^^^^^^^^^^^^^
[INFO] [stdout] 
[INFO] [stdout] 
[INFO] [stdout] error[E0554]: `#![feature]` may not be used on the beta release channel
[INFO] [stdout]    --> src/lib.rs:162:1
[INFO] [stdout]     |
[INFO] [stdout] 162 | #![feature(nll)]
[INFO] [stdout]     | ^^^^^^^^^^^^^^^^
[INFO] [stdout] 
[INFO] [stdout] 
[INFO] [stdout] error[E0554]: `#![feature]` may not be used on the beta release channel
[INFO] [stdout]    --> src/lib.rs:163:1
[INFO] [stdout]     |
[INFO] [stdout] 163 | #![feature(async_closure)]
[INFO] [stdout]     | ^^^^^^^^^^^^^^^^^^^^^^^^^^
[INFO] [stdout] 
[INFO] [stdout] 
[INFO] [stdout] error: aborting due to 2 previous errors
[INFO] [stdout] 
[INFO] [stdout] 
[INFO] [stdout] For more information about this error, try `rustc --explain E0554`.
[INFO] [stdout] 
[INFO] [stderr] error: could not compile `eyros`.
[INFO] [stderr] 
[INFO] [stderr] To learn more, run the command again with --verbose.
[INFO] [stderr] warning: build failed, waiting for other jobs to finish...
[INFO] [stdout] error: aborting due to 2 previous errors
[INFO] [stdout] 
[INFO] [stdout] 
[INFO] [stdout] For more information about this error, try `rustc --explain E0554`.
[INFO] [stdout] 
[INFO] [stderr] error: build failed
[INFO] running `Command { std: "docker" "inspect" "8bc0f61cba7d59ff9fea5f93557b22b5abe46d38105dd728fcca1d87047ccfc6", kill_on_drop: false }`
[INFO] running `Command { std: "docker" "rm" "-f" "8bc0f61cba7d59ff9fea5f93557b22b5abe46d38105dd728fcca1d87047ccfc6", kill_on_drop: false }`
[INFO] [stdout] 8bc0f61cba7d59ff9fea5f93557b22b5abe46d38105dd728fcca1d87047ccfc6
